 {"id":970,"date":"2017-05-15T16:50:32","date_gmt":"2017-05-15T14:50:32","guid":{"rendered":"http:\/\/www.centrobossaglia.it\/?post_type=sala&#038;p=970"},"modified":"2020-07-24T16:39:13","modified_gmt":"2020-07-24T14:39:13","slug":"salone-dercole","status":"publish","type":"sala","link":"https:\/\/centrobossaglia.it\/en\/sala\/salone-dercole\/","title":{"rendered":"Salone d&#8217;Ercole"},"content":{"rendered":"<p>La Sala d&#8217;Ercole \u00e8 coperta da una volta a schifo affrescata con quadrature architettoniche e una scena mitologica che occupa la parte piana del soffitto, realizzate verosimilmente tra il 1797 e il 1802. La quadratura architettonica finge la presenza di un porticato che corre lungo tutta la base della volta: le lesene scanalate e le colonne in marmi policromi si impostano sul basamento in pietra ornato con bassorilievi rappresentanti composizioni di foglie nei piedistalli delle lesene, festoni di frutti nei sostegni delle colonne binate e festoni di nastri nei riquadri angolari. Le specchiature comprese tra le lesene sono dipinte con motivi a candelabra in policromia, mentre la parte centrale di ogni parete \u00e8 immaginata come una balconata che mostra lo spazio interno del loggiato e dalla quale si affacciano figure femminili in abiti settecenteschi, Atena e figure maschili all\u2019antica.<\/p>\n<p>L\u2019affresco sul lato est \u00e8 lacunoso in pi\u00f9 punti e le figure affacciate al balcone non sono pi\u00f9 visibili, ma permangono un tambuto, l\u2019asta su cui \u00e8 infilato un berretto frigio e la bandiera con il tricolore rosso bianco e verde, allusioni al periodo rivoluzionario della repubblica bresciana del 1797, che determina un evidente discriminante per la datazione dell\u2019opera. Sul mancorrente della balaustra nord sono appoggiati una coppa e un\u2019anfora cesellata in bronzo. Le colonne e le lesene sostengono la trabreazione lineare che sottolinea il punto di congiunzione tra i piani verticali e la superficie piana. Il medaglione centrale \u00e8 incorniciato da un fregio a girali d&#8217;acanto policromi su fondo scuro. Nei quattro angoli sono collocati tondi che rappresentano alcuni episodi della vita di Ercole a monocromo su fondo blu: l\u2019uccisione dell\u2019Idra di Lerna; la cattura di Cerbero; la lotta con i centauri; la dispersione degli Uccelli del lago Stinfalo. Anche il medaglione centrale presenta un\u2019importante lacuna che interessa la met\u00e0 sinistra della scena; nonostante questo, l\u2019affresco \u00e8 ancora facilmente leggibile: nella parte inferiore si trova Ercole, in piedi su una nuvola e dotato dei suoi caratteristici attributi, la clava e la pelle del leone\u00a0 Nemeo, rappresentato anche sul bordo inferiore della scena, sconfitto dopo la battaglia con l\u2019eroe. La zona centrale \u00e8 occupata da un tempietto circolare, dipinto con colori pi\u00f9 tenui per suggerire la profondit\u00e0 spaziale; il tempio accoglie diverse figure maschili e femminili, tra i quali compare una giovane donna che solleva una corona di alloro. Nella parte superiore si trova invece la Gloria, con la corona di alloro (o di quercia, Cfr. Anelli 2013, p. 751) in mano, e due putti alati in volo, uno dei quali stringe nella mano il nastro tricolore. Il tema dell\u2019affresco \u00e8 quindi il Trionfo di Ercole in Olimpo.<\/p>\n","protected":false},"parent":0,"template":"","livello-grande-decorazione":[9],"class_list":["post-970","sala","type-sala","status-publish","hentry","livello-grande-decorazione-sale"],"featured_image_urls_v2":{"full":"","thumbnail":"","medium":"","medium_large":"","large":"","folio":"","1536x1536":"","2048x2048":"","blog-masonry-three":"","blog":"","blog-strip":"","portfolio-post":"","portfolio-post-large":"","portfolio-post-large-2":"","portfolio-4-columns":"","sow-carousel-default":""},"post_excerpt_stackable_v2":"<p>La Sala d&#8217;Ercole \u00e8 coperta da una volta a schifo affrescata con quadrature architettoniche e una scena mitologica che occupa la parte piana del soffitto, realizzate verosimilmente tra il 1797 e il 1802. La quadratura architettonica finge la presenza di un porticato che corre lungo tutta la base della volta: le lesene scanalate e le colonne in marmi policromi si impostano sul basamento in pietra ornato con bassorilievi rappresentanti composizioni di foglie nei piedistalli delle lesene, festoni di frutti nei sostegni delle colonne binate e festoni di nastri nei riquadri angolari. Le specchiature comprese tra le lesene sono dipinte con&hellip;<\/p>\n","category_list_v2":"","author_info_v2":{"name":"","url":""},"comments_num_v2":"0 comments","yoast_head":"<!-- This site is optimized with the Yoast SEO plugin v27.5 - https:\/\/yoast.com\/product\/yoast-seo-wordpress\/ -->\n<title>Salone d&#039;Ercole - Centro Studi Rossana Bossaglia<\/title>\n<meta name=\"robots\" content=\"index, follow, max-snippet:-1, max-image-preview:large, max-video-preview:-1\" \/>\n<link rel=\"canonical\" href=\"https:\/\/centrobossaglia.it\/en\/sala\/salone-dercole\/\" \/>\n<meta property=\"og:locale\" content=\"en_US\" \/>\n<meta property=\"og:type\" content=\"article\" \/>\n<meta property=\"og:title\" content=\"Salone d&#039;Ercole - Centro Studi Rossana Bossaglia\" \/>\n<meta property=\"og:description\" content=\"La Sala d&#8217;Ercole \u00e8 coperta da una volta a schifo affrescata con quadrature architettoniche e una scena mitologica che occupa la parte piana del soffitto, realizzate verosimilmente tra il 1797 e il 1802. La quadratura architettonica finge la presenza di un porticato che corre lungo tutta la base della volta: le lesene scanalate e le...\" \/>\n<meta property=\"og:url\" content=\"https:\/\/centrobossaglia.it\/en\/sala\/salone-dercole\/\" \/>\n<meta property=\"og:site_name\" content=\"Centro Studi Rossana Bossaglia\" \/>\n<meta property=\"article:modified_time\" content=\"2020-07-24T14:39:13+00:00\" \/>\n<meta name=\"twitter:card\" content=\"summary_large_image\" \/>\n<meta name=\"twitter:label1\" content=\"Est. reading time\" \/>\n\t<meta name=\"twitter:data1\" content=\"2 minutes\" \/>\n<script type=\"application\/ld+json\" class=\"yoast-schema-graph\">{\"@context\":\"https:\\\/\\\/schema.org\",\"@graph\":[{\"@type\":\"WebPage\",\"@id\":\"https:\\\/\\\/centrobossaglia.it\\\/en\\\/sala\\\/salone-dercole\\\/\",\"url\":\"https:\\\/\\\/centrobossaglia.it\\\/en\\\/sala\\\/salone-dercole\\\/\",\"name\":\"Salone d'Ercole - Centro Studi Rossana Bossaglia\",\"isPartOf\":{\"@id\":\"https:\\\/\\\/centrobossaglia.it\\\/en\\\/#website\"},\"datePublished\":\"2017-05-15T14:50:32+00:00\",\"dateModified\":\"2020-07-24T14:39:13+00:00\",\"breadcrumb\":{\"@id\":\"https:\\\/\\\/centrobossaglia.it\\\/en\\\/sala\\\/salone-dercole\\\/#breadcrumb\"},\"inLanguage\":\"en-US\",\"potentialAction\":[{\"@type\":\"ReadAction\",\"target\":[\"https:\\\/\\\/centrobossaglia.it\\\/en\\\/sala\\\/salone-dercole\\\/\"]}]},{\"@type\":\"BreadcrumbList\",\"@id\":\"https:\\\/\\\/centrobossaglia.it\\\/en\\\/sala\\\/salone-dercole\\\/#breadcrumb\",\"itemListElement\":[{\"@type\":\"ListItem\",\"position\":1,\"name\":\"Home\",\"item\":\"https:\\\/\\\/centrobossaglia.it\\\/en\\\/\"},{\"@type\":\"ListItem\",\"position\":2,\"name\":\"Sale\",\"item\":\"https:\\\/\\\/centrobossaglia.it\\\/en\\\/sala\\\/\"},{\"@type\":\"ListItem\",\"position\":3,\"name\":\"Salone d&#8217;Ercole\"}]},{\"@type\":\"WebSite\",\"@id\":\"https:\\\/\\\/centrobossaglia.it\\\/en\\\/#website\",\"url\":\"https:\\\/\\\/centrobossaglia.it\\\/en\\\/\",\"name\":\"Centro Studi Rossana Bossaglia\",\"description\":\"Il sito ufficiale del Centro Studi Rossana Bossaglia\",\"potentialAction\":[{\"@type\":\"SearchAction\",\"target\":{\"@type\":\"EntryPoint\",\"urlTemplate\":\"https:\\\/\\\/centrobossaglia.it\\\/en\\\/?s={search_term_string}\"},\"query-input\":{\"@type\":\"PropertyValueSpecification\",\"valueRequired\":true,\"valueName\":\"search_term_string\"}}],\"inLanguage\":\"en-US\"}]}<\/script>\n<!-- \/ Yoast SEO plugin. -->","yoast_head_json":{"title":"Salone d'Ercole - Centro Studi Rossana Bossaglia","robots":{"index":"index","follow":"follow","max-snippet":"max-snippet:-1","max-image-preview":"max-image-preview:large","max-video-preview":"max-video-preview:-1"},"canonical":"https:\/\/centrobossaglia.it\/en\/sala\/salone-dercole\/","og_locale":"en_US","og_type":"article","og_title":"Salone d'Ercole - Centro Studi Rossana Bossaglia","og_description":"La Sala d&#8217;Ercole \u00e8 coperta da una volta a schifo affrescata con quadrature architettoniche e una scena mitologica che occupa la parte piana del soffitto, realizzate verosimilmente tra il 1797 e il 1802. La quadratura architettonica finge la presenza di un porticato che corre lungo tutta la base della volta: le lesene scanalate e le...","og_url":"https:\/\/centrobossaglia.it\/en\/sala\/salone-dercole\/","og_site_name":"Centro Studi Rossana Bossaglia","article_modified_time":"2020-07-24T14:39:13+00:00","twitter_card":"summary_large_image","twitter_misc":{"Est. reading time":"2 minutes"},"schema":{"@context":"https:\/\/schema.org","@graph":[{"@type":"WebPage","@id":"https:\/\/centrobossaglia.it\/en\/sala\/salone-dercole\/","url":"https:\/\/centrobossaglia.it\/en\/sala\/salone-dercole\/","name":"Salone d'Ercole - Centro Studi Rossana Bossaglia","isPartOf":{"@id":"https:\/\/centrobossaglia.it\/en\/#website"},"datePublished":"2017-05-15T14:50:32+00:00","dateModified":"2020-07-24T14:39:13+00:00","breadcrumb":{"@id":"https:\/\/centrobossaglia.it\/en\/sala\/salone-dercole\/#breadcrumb"},"inLanguage":"en-US","potentialAction":[{"@type":"ReadAction","target":["https:\/\/centrobossaglia.it\/en\/sala\/salone-dercole\/"]}]},{"@type":"BreadcrumbList","@id":"https:\/\/centrobossaglia.it\/en\/sala\/salone-dercole\/#breadcrumb","itemListElement":[{"@type":"ListItem","position":1,"name":"Home","item":"https:\/\/centrobossaglia.it\/en\/"},{"@type":"ListItem","position":2,"name":"Sale","item":"https:\/\/centrobossaglia.it\/en\/sala\/"},{"@type":"ListItem","position":3,"name":"Salone d&#8217;Ercole"}]},{"@type":"WebSite","@id":"https:\/\/centrobossaglia.it\/en\/#website","url":"https:\/\/centrobossaglia.it\/en\/","name":"Centro Studi Rossana Bossaglia","description":"Il sito ufficiale del Centro Studi Rossana Bossaglia","potentialAction":[{"@type":"SearchAction","target":{"@type":"EntryPoint","urlTemplate":"https:\/\/centrobossaglia.it\/en\/?s={search_term_string}"},"query-input":{"@type":"PropertyValueSpecification","valueRequired":true,"valueName":"search_term_string"}}],"inLanguage":"en-US"}]}},"_links":{"self":[{"href":"https:\/\/centrobossaglia.it\/en\/wp-json\/wp\/v2\/sala\/970","targetHints":{"allow":["GET"]}}],"collection":[{"href":"https:\/\/centrobossaglia.it\/en\/wp-json\/wp\/v2\/sala"}],"about":[{"href":"https:\/\/centrobossaglia.it\/en\/wp-json\/wp\/v2\/types\/sala"}],"wp:attachment":[{"href":"https:\/\/centrobossaglia.it\/en\/wp-json\/wp\/v2\/media?parent=970"}],"wp:term":[{"taxonomy":"livello-grande-decorazione","embeddable":true,"href":"https:\/\/centrobossaglia.it\/en\/wp-json\/wp\/v2\/livello-grande-decorazione?post=970"}],"curies":[{"name":"wp","href":"https:\/\/api.w.org\/{rel}","templated":true}]}}

<p>La Sala d&#8217;Ercole è coperta da una volta a schifo affrescata con quadrature architettoniche e una scena mitologica che occupa la parte piana del soffitto, realizzate verosimilmente tra il 1797 e il 1802. La quadratura architettonica finge la presenza di un porticato che corre lungo tutta la base della volta: le lesene scanalate e le colonne in marmi policromi si impostano sul basamento in pietra ornato con bassorilievi rappresentanti composizioni di foglie nei piedistalli delle lesene, festoni di frutti nei sostegni delle colonne binate e festoni di nastri nei riquadri angolari. Le specchiature comprese tra le lesene sono dipinte con motivi a candelabra in policromia, mentre la parte centrale di ogni parete è immaginata come una balconata che mostra lo spazio interno del loggiato e dalla quale si affacciano figure femminili in abiti settecenteschi, Atena e figure maschili all’antica.</p>
<p>L’affresco sul lato est è lacunoso in più punti e le figure affacciate al balcone non sono più visibili, ma permangono un tambuto, l’asta su cui è infilato un berretto frigio e la bandiera con il tricolore rosso bianco e verde, allusioni al periodo rivoluzionario della repubblica bresciana del 1797, che determina un evidente discriminante per la datazione dell’opera. Sul mancorrente della balaustra nord sono appoggiati una coppa e un’anfora cesellata in bronzo. Le colonne e le lesene sostengono la trabreazione lineare che sottolinea il punto di congiunzione tra i piani verticali e la superficie piana. Il medaglione centrale è incorniciato da un fregio a girali d&#8217;acanto policromi su fondo scuro. Nei quattro angoli sono collocati tondi che rappresentano alcuni episodi della vita di Ercole a monocromo su fondo blu: l’uccisione dell’Idra di Lerna; la cattura di Cerbero; la lotta con i centauri; la dispersione degli Uccelli del lago Stinfalo. Anche il medaglione centrale presenta un’importante lacuna che interessa la metà sinistra della scena; nonostante questo, l’affresco è ancora facilmente leggibile: nella parte inferiore si trova Ercole, in piedi su una nuvola e dotato dei suoi caratteristici attributi, la clava e la pelle del leone  Nemeo, rappresentato anche sul bordo inferiore della scena, sconfitto dopo la battaglia con l’eroe. La zona centrale è occupata da un tempietto circolare, dipinto con colori più tenui per suggerire la profondità spaziale; il tempio accoglie diverse figure maschili e femminili, tra i quali compare una giovane donna che solleva una corona di alloro. Nella parte superiore si trova invece la Gloria, con la corona di alloro (o di quercia, Cfr. Anelli 2013, p. 751) in mano, e due putti alati in volo, uno dei quali stringe nella mano il nastro tricolore. Il tema dell’affresco è quindi il Trionfo di Ercole in Olimpo.</p>

<p>La Sala d&#8217;Ercole è coperta da una volta a schifo affrescata con quadrature architettoniche e una scena mitologica che occupa la parte piana del soffitto, realizzate verosimilmente tra il 1797 e il 1802. La quadratura architettonica finge la presenza di un porticato che corre lungo tutta la base della volta: le lesene scanalate e le colonne in marmi policromi si impostano sul basamento in pietra ornato con bassorilievi rappresentanti composizioni di foglie nei piedistalli delle lesene, festoni di frutti nei sostegni delle colonne binate e festoni di nastri nei riquadri angolari. Le specchiature comprese tra le lesene sono dipinte con&hellip;</p>

<!-- This site is optimized with the Yoast SEO plugin v27.5 - https://yoast.com/product/yoast-seo-wordpress/ -->
<title>Salone d&#039;Ercole - Centro Studi Rossana Bossaglia</title>
<meta name="robots" content="index, follow, max-snippet:-1, max-image-preview:large, max-video-preview:-1" />
<link rel="canonical" href="https://centrobossaglia.it/en/sala/salone-dercole/" />
<meta property="og:locale" content="en_US" />
<meta property="og:type" content="article" />
<meta property="og:title" content="Salone d&#039;Ercole - Centro Studi Rossana Bossaglia" />
<meta property="og:description" content="La Sala d&#8217;Ercole è coperta da una volta a schifo affrescata con quadrature architettoniche e una scena mitologica che occupa la parte piana del soffitto, realizzate verosimilmente tra il 1797 e il 1802. La quadratura architettonica finge la presenza di un porticato che corre lungo tutta la base della volta: le lesene scanalate e le..." />
<meta property="og:url" content="https://centrobossaglia.it/en/sala/salone-dercole/" />
<meta property="og:site_name" content="Centro Studi Rossana Bossaglia" />
<meta property="article:modified_time" content="2020-07-24T14:39:13+00:00" />
<meta name="twitter:card" content="summary_large_image" />
<meta name="twitter:label1" content="Est. reading time" />
	<meta name="twitter:data1" content="2 minutes" />
<script type="application/ld+json" class="yoast-schema-graph">{"@context":"https:\/\/schema.org","@graph":[{"@type":"WebPage","@id":"https:\/\/centrobossaglia.it\/en\/sala\/salone-dercole\/","url":"https:\/\/centrobossaglia.it\/en\/sala\/salone-dercole\/","name":"Salone d'Ercole - Centro Studi Rossana Bossaglia","isPartOf":{"@id":"https:\/\/centrobossaglia.it\/en\/#website"},"datePublished":"2017-05-15T14:50:32+00:00","dateModified":"2020-07-24T14:39:13+00:00","breadcrumb":{"@id":"https:\/\/centrobossaglia.it\/en\/sala\/salone-dercole\/#breadcrumb"},"inLanguage":"en-US","potentialAction":[{"@type":"ReadAction","target":["https:\/\/centrobossaglia.it\/en\/sala\/salone-dercole\/"]}]},{"@type":"BreadcrumbList","@id":"https:\/\/centrobossaglia.it\/en\/sala\/salone-dercole\/#breadcrumb","itemListElement":[{"@type":"ListItem","position":1,"name":"Home","item":"https:\/\/centrobossaglia.it\/en\/"},{"@type":"ListItem","position":2,"name":"Sale","item":"https:\/\/centrobossaglia.it\/en\/sala\/"},{"@type":"ListItem","position":3,"name":"Salone d&#8217;Ercole"}]},{"@type":"WebSite","@id":"https:\/\/centrobossaglia.it\/en\/#website","url":"https:\/\/centrobossaglia.it\/en\/","name":"Centro Studi Rossana Bossaglia","description":"Il sito ufficiale del Centro Studi Rossana Bossaglia","potentialAction":[{"@type":"SearchAction","target":{"@type":"EntryPoint","urlTemplate":"https:\/\/centrobossaglia.it\/en\/?s={search_term_string}"},"query-input":{"@type":"PropertyValueSpecification","valueRequired":true,"valueName":"search_term_string"}}],"inLanguage":"en-US"}]}</script>
<!-- / Yoast SEO plugin. -->

La Sala d&#8217;Ercole è coperta da una volta a schifo affrescata con quadrature architettoniche e una scena mitologica che occupa la parte piana del soffitto, realizzate verosimilmente tra il 1797 e il 1802. La quadratura architettonica finge la presenza di un porticato che corre lungo tutta la base della volta: le lesene scanalate e le...
